{"id":310,"date":"2020-02-16T14:04:15","date_gmt":"2020-02-16T14:04:15","guid":{"rendered":"http:\/\/wunderbunt-und-sternbeglaenzt.de\/?page_id=310"},"modified":"2020-02-17T16:43:58","modified_gmt":"2020-02-17T16:43:58","slug":"home","status":"publish","type":"page","link":"https:\/\/wunderbunt-und-sternbeglaenzt.de\/","title":{"rendered":"Startseite"},"content":{"rendered":"\n<p> <em><strong>Keine andere Dichtung versteht dem menschlichen Herzen so feine Dinge zu sagen wie das M\u00e4rchen. (Johann Gottfried von Herder)<\/strong> <\/em> <\/p>\n\n\n\n<p><em><strong>Was bieten wir an:<\/strong><\/em><br> M\u00e4rchen f\u00fcr Menschen von 4 bis 99 Jahren <\/p>\n\n\n\n<p><strong><em>Orte:<\/em> <\/strong>Schulen, Wohnzimmer, Garten, bei Festen, Gemeinde- oder Pfarrh\u00e4user, Seniorentreff<\/p>\n\n\n\n<div class=\"wp-block-group\"><div class=\"wp-block-group__inner-container is-layout-flow wp-block-group-is-layout-flow\">\n<figure class=\"wp-block-image size-large is-resized\"><img loading=\"lazy\" decoding=\"async\" src=\"http:\/\/wunderbunt-und-sternbeglaenzt.de\/wp-content\/uploads\/2020\/01\/IMG_0196-768x1024.jpeg\" alt=\"\" class=\"wp-image-213\" width=\"310\" height=\"412\" srcset=\"https:\/\/wunderbunt-und-sternbeglaenzt.de\/wp-content\/uploads\/2020\/01\/IMG_0196-768x1024.jpeg 768w, https:\/\/wunderbunt-und-sternbeglaenzt.de\/wp-content\/uploads\/2020\/01\/IMG_0196-225x300.jpeg 225w, https:\/\/wunderbunt-und-sternbeglaenzt.de\/wp-content\/uploads\/2020\/01\/IMG_0196-1152x1536.jpeg 1152w, https:\/\/wunderbunt-und-sternbeglaenzt.de\/wp-content\/uploads\/2020\/01\/IMG_0196-1536x2048.jpeg 1536w, https:\/\/wunderbunt-und-sternbeglaenzt.de\/wp-content\/uploads\/2020\/01\/IMG_0196-scaled.jpeg 1920w\" sizes=\"auto, (max-width: 310px) 100vw, 310px\" \/><figcaption>&#8222;Es war einmal&#8230;&#8220;<\/figcaption><\/figure>\n<\/div><\/div>\n\n\n\n<p><\/p>\n\n\n\n<p><em><strong>Welche M\u00e4rchen:<\/strong><\/em><\/p>\n\n\n\n<ul class=\"wp-block-list\"><li>B\u00e4umerauschen<strong> \u2013<\/strong> M\u00e4rchen, in denen B\u00e4ume die Hauptrolle spielen<\/li><li>Geheimnisvolle Berge \u2013 M\u00e4rchen von Bergen mit geheimnisvollem Innenleben<\/li><li>Scharfer Blick und treues Herz \u2013 M\u00e4rchen von Liebe und Zauberei<\/li><li>Tierisch gut\u00a0 \u2013 M\u00e4rchen von starken Tieren<\/li><li>Wer zuletzt lacht ist nicht dumm \u2013 M\u00e4rchen von gewitzten Menschen, <br>die mit dem Herzen denken<\/li><\/ul>\n\n\n\n<figure class=\"wp-block-image size-large is-resized\"><img loading=\"lazy\" decoding=\"async\" src=\"http:\/\/wunderbunt-und-sternbeglaenzt.de\/wp-content\/uploads\/2020\/01\/IMG_0118-768x1024.jpeg\" alt=\"\" class=\"wp-image-238\" width=\"332\" height=\"442\" srcset=\"https:\/\/wunderbunt-und-sternbeglaenzt.de\/wp-content\/uploads\/2020\/01\/IMG_0118-768x1024.jpeg 768w, https:\/\/wunderbunt-und-sternbeglaenzt.de\/wp-content\/uploads\/2020\/01\/IMG_0118-225x300.jpeg 225w, https:\/\/wunderbunt-und-sternbeglaenzt.de\/wp-content\/uploads\/2020\/01\/IMG_0118-1152x1536.jpeg 1152w, https:\/\/wunderbunt-und-sternbeglaenzt.de\/wp-content\/uploads\/2020\/01\/IMG_0118-1536x2048.jpeg 1536w, https:\/\/wunderbunt-und-sternbeglaenzt.de\/wp-content\/uploads\/2020\/01\/IMG_0118-scaled.jpeg 1920w\" sizes=\"auto, (max-width: 332px) 100vw, 332px\" \/><figcaption> &#8222;&#8230;und wenn sie nicht gestorben sind, <br>dann leben sie noch heute!&#8220; <\/figcaption><\/figure>\n\n\n\n<p><em><strong>Wie l\u00e4uft eine M\u00e4rchenstunde ab:<\/strong><\/em><\/p>\n\n\n\n<ul class=\"wp-block-list\"><li>M\u00e4rchen werden frei erz\u00e4hlt mit einigen Requisiten und Klanginstrumenten vor einem gestalteten Hintergrund. Eine M\u00e4rcheneinheit beinhaltet 2-3 M\u00e4rchen\u00a0 <br>&#8211; je nach Alter \u2013 und dauert ca. 30-40 Minuten.<\/li><li>M\u00e4rchenworkshop \u2013 zwei M\u00e4rchen werden frei erz\u00e4hlt. Ein M\u00e4rchen wird mit Kost\u00fcmen in eine kurze Theaterimprovisation umgesetzt. Abgerundet wird diese Einheit mit Quiz und R\u00e4tseln. Dauer ca. 90 Minuten.<\/li><\/ul>\n\n\n\n<figure class=\"wp-block-gallery columns-3 is-cropped wp-block-gallery-1 is-layout-flex wp-block-gallery-is-layout-flex\"><ul class=\"blocks-gallery-grid\"><li class=\"blocks-gallery-item\"><figure><img loading=\"lazy\" decoding=\"async\" width=\"768\" height=\"1024\" src=\"http:\/\/wunderbunt-und-sternbeglaenzt.de\/wp-content\/uploads\/2020\/01\/IMG_0211-768x1024.jpeg\" alt=\"\" data-id=\"253\" data-full-url=\"http:\/\/wunderbunt-und-sternbeglaenzt.de\/wp-content\/uploads\/2020\/01\/IMG_0211-scaled.jpeg\" data-link=\"http:\/\/wunderbunt-und-sternbeglaenzt.de\/?attachment_id=253\" class=\"wp-image-253\" srcset=\"https:\/\/wunderbunt-und-sternbeglaenzt.de\/wp-content\/uploads\/2020\/01\/IMG_0211-768x1024.jpeg 768w, https:\/\/wunderbunt-und-sternbeglaenzt.de\/wp-content\/uploads\/2020\/01\/IMG_0211-225x300.jpeg 225w, https:\/\/wunderbunt-und-sternbeglaenzt.de\/wp-content\/uploads\/2020\/01\/IMG_0211-1152x1536.jpeg 1152w, https:\/\/wunderbunt-und-sternbeglaenzt.de\/wp-content\/uploads\/2020\/01\/IMG_0211-1536x2048.jpeg 1536w, https:\/\/wunderbunt-und-sternbeglaenzt.de\/wp-content\/uploads\/2020\/01\/IMG_0211-scaled.jpeg 1920w\" sizes=\"auto, (max-width: 706px) 89vw, (max-width: 767px) 82vw, 740px\" \/><\/figure><\/li><li class=\"blocks-gallery-item\"><figure><img loading=\"lazy\" decoding=\"async\" width=\"768\" height=\"1024\" src=\"http:\/\/wunderbunt-und-sternbeglaenzt.de\/wp-content\/uploads\/2020\/01\/IMG_0207-768x1024.jpeg\" alt=\"\" data-id=\"251\" data-full-url=\"http:\/\/wunderbunt-und-sternbeglaenzt.de\/wp-content\/uploads\/2020\/01\/IMG_0207-scaled.jpeg\" data-link=\"http:\/\/wunderbunt-und-sternbeglaenzt.de\/?attachment_id=251\" class=\"wp-image-251\" srcset=\"https:\/\/wunderbunt-und-sternbeglaenzt.de\/wp-content\/uploads\/2020\/01\/IMG_0207-768x1024.jpeg 768w, https:\/\/wunderbunt-und-sternbeglaenzt.de\/wp-content\/uploads\/2020\/01\/IMG_0207-225x300.jpeg 225w, https:\/\/wunderbunt-und-sternbeglaenzt.de\/wp-content\/uploads\/2020\/01\/IMG_0207-1152x1536.jpeg 1152w, https:\/\/wunderbunt-und-sternbeglaenzt.de\/wp-content\/uploads\/2020\/01\/IMG_0207-1536x2048.jpeg 1536w, https:\/\/wunderbunt-und-sternbeglaenzt.de\/wp-content\/uploads\/2020\/01\/IMG_0207-scaled.jpeg 1920w\" sizes=\"auto, (max-width: 706px) 89vw, (max-width: 767px) 82vw, 740px\" \/><\/figure><\/li><li class=\"blocks-gallery-item\"><figure><img loading=\"lazy\" decoding=\"async\" width=\"768\" height=\"1024\" src=\"http:\/\/wunderbunt-und-sternbeglaenzt.de\/wp-content\/uploads\/2020\/01\/IMG_0106-768x1024.jpeg\" alt=\"\" data-id=\"236\" data-full-url=\"http:\/\/wunderbunt-und-sternbeglaenzt.de\/wp-content\/uploads\/2020\/01\/IMG_0106-scaled.jpeg\" data-link=\"http:\/\/wunderbunt-und-sternbeglaenzt.de\/?attachment_id=236\" class=\"wp-image-236\" srcset=\"https:\/\/wunderbunt-und-sternbeglaenzt.de\/wp-content\/uploads\/2020\/01\/IMG_0106-768x1024.jpeg 768w, https:\/\/wunderbunt-und-sternbeglaenzt.de\/wp-content\/uploads\/2020\/01\/IMG_0106-225x300.jpeg 225w, https:\/\/wunderbunt-und-sternbeglaenzt.de\/wp-content\/uploads\/2020\/01\/IMG_0106-1152x1536.jpeg 1152w, https:\/\/wunderbunt-und-sternbeglaenzt.de\/wp-content\/uploads\/2020\/01\/IMG_0106-1536x2048.jpeg 1536w, https:\/\/wunderbunt-und-sternbeglaenzt.de\/wp-content\/uploads\/2020\/01\/IMG_0106-scaled.jpeg 1920w\" sizes=\"auto, (max-width: 706px) 89vw, (max-width: 767px) 82vw, 740px\" \/><\/figure><\/li><li class=\"blocks-gallery-item\"><figure><img loading=\"lazy\" decoding=\"async\" width=\"768\" height=\"1024\" src=\"http:\/\/wunderbunt-und-sternbeglaenzt.de\/wp-content\/uploads\/2020\/01\/IMG_01021-768x1024.jpeg\" alt=\"\" data-id=\"235\" data-full-url=\"http:\/\/wunderbunt-und-sternbeglaenzt.de\/wp-content\/uploads\/2020\/01\/IMG_01021-scaled.jpeg\" data-link=\"http:\/\/wunderbunt-und-sternbeglaenzt.de\/?attachment_id=235\" class=\"wp-image-235\" srcset=\"https:\/\/wunderbunt-und-sternbeglaenzt.de\/wp-content\/uploads\/2020\/01\/IMG_01021-768x1024.jpeg 768w, https:\/\/wunderbunt-und-sternbeglaenzt.de\/wp-content\/uploads\/2020\/01\/IMG_01021-225x300.jpeg 225w, https:\/\/wunderbunt-und-sternbeglaenzt.de\/wp-content\/uploads\/2020\/01\/IMG_01021-1152x1536.jpeg 1152w, https:\/\/wunderbunt-und-sternbeglaenzt.de\/wp-content\/uploads\/2020\/01\/IMG_01021-1536x2048.jpeg 1536w, https:\/\/wunderbunt-und-sternbeglaenzt.de\/wp-content\/uploads\/2020\/01\/IMG_01021-scaled.jpeg 1920w\" sizes=\"auto, (max-width: 706px) 89vw, (max-width: 767px) 82vw, 740px\" \/><\/figure><\/li><li class=\"blocks-gallery-item\"><figure><img loading=\"lazy\" decoding=\"async\" width=\"768\" height=\"1024\" src=\"http:\/\/wunderbunt-und-sternbeglaenzt.de\/wp-content\/uploads\/2020\/01\/IMG_0093-768x1024.jpeg\" alt=\"\" data-id=\"231\" data-full-url=\"http:\/\/wunderbunt-und-sternbeglaenzt.de\/wp-content\/uploads\/2020\/01\/IMG_0093-scaled.jpeg\" data-link=\"http:\/\/wunderbunt-und-sternbeglaenzt.de\/?attachment_id=231\" class=\"wp-image-231\" srcset=\"https:\/\/wunderbunt-und-sternbeglaenzt.de\/wp-content\/uploads\/2020\/01\/IMG_0093-768x1024.jpeg 768w, https:\/\/wunderbunt-und-sternbeglaenzt.de\/wp-content\/uploads\/2020\/01\/IMG_0093-225x300.jpeg 225w, https:\/\/wunderbunt-und-sternbeglaenzt.de\/wp-content\/uploads\/2020\/01\/IMG_0093-1152x1536.jpeg 1152w, https:\/\/wunderbunt-und-sternbeglaenzt.de\/wp-content\/uploads\/2020\/01\/IMG_0093-1536x2048.jpeg 1536w, https:\/\/wunderbunt-und-sternbeglaenzt.de\/wp-content\/uploads\/2020\/01\/IMG_0093-scaled.jpeg 1920w\" sizes=\"auto, (max-width: 706px) 89vw, (max-width: 767px) 82vw, 740px\" \/><\/figure><\/li><li class=\"blocks-gallery-item\"><figure><img loading=\"lazy\" decoding=\"async\" width=\"768\" height=\"1024\" src=\"http:\/\/wunderbunt-und-sternbeglaenzt.de\/wp-content\/uploads\/2020\/01\/IMG_0198-768x1024.jpeg\" alt=\"\" data-id=\"245\" data-full-url=\"http:\/\/wunderbunt-und-sternbeglaenzt.de\/wp-content\/uploads\/2020\/01\/IMG_0198-scaled.jpeg\" data-link=\"http:\/\/wunderbunt-und-sternbeglaenzt.de\/?attachment_id=245\" class=\"wp-image-245\" srcset=\"https:\/\/wunderbunt-und-sternbeglaenzt.de\/wp-content\/uploads\/2020\/01\/IMG_0198-768x1024.jpeg 768w, https:\/\/wunderbunt-und-sternbeglaenzt.de\/wp-content\/uploads\/2020\/01\/IMG_0198-225x300.jpeg 225w, https:\/\/wunderbunt-und-sternbeglaenzt.de\/wp-content\/uploads\/2020\/01\/IMG_0198-1152x1536.jpeg 1152w, https:\/\/wunderbunt-und-sternbeglaenzt.de\/wp-content\/uploads\/2020\/01\/IMG_0198-1536x2048.jpeg 1536w, https:\/\/wunderbunt-und-sternbeglaenzt.de\/wp-content\/uploads\/2020\/01\/IMG_0198-scaled.jpeg 1920w\" sizes=\"auto, (max-width: 706px) 89vw, (max-width: 767px) 82vw, 740px\" \/><\/figure><\/li><\/ul><\/figure>\n","protected":false},"excerpt":{"rendered":"<p>Keine andere Dichtung versteht dem menschlichen Herzen so feine Dinge zu sagen wie das M\u00e4rchen. (Johann Gottfried von Herder) Was bieten wir an: M\u00e4rchen f\u00fcr Menschen von 4 bis 99 Jahren Orte: Schulen, Wohnzimmer, Garten, bei Festen, Gemeinde- oder Pfarrh\u00e4user, Seniorentreff Welche M\u00e4rchen: B\u00e4umerauschen \u2013 M\u00e4rchen, in denen B\u00e4ume die Hauptrolle spielen Geheimnisvolle Berge \u2013 &hellip; <\/p>\n<p class=\"link-more\"><a href=\"https:\/\/wunderbunt-und-sternbeglaenzt.de\/\" class=\"more-link\"><span class=\"screen-reader-text\">\u201eStartseite\u201c <\/span>weiterlesen<\/a><\/p>\n","protected":false},"author":5,"featured_media":0,"parent":0,"menu_order":0,"comment_status":"closed","ping_status":"closed","template":"","meta":{"footnotes":""},"class_list":["post-310","page","type-page","status-publish","hentry"],"_links":{"self":[{"href":"https:\/\/wunderbunt-und-sternbeglaenzt.de\/index.php?rest_route=\/wp\/v2\/pages\/310","targetHints":{"allow":["GET"]}}],"collection":[{"href":"https:\/\/wunderbunt-und-sternbeglaenzt.de\/index.php?rest_route=\/wp\/v2\/pages"}],"about":[{"href":"https:\/\/wunderbunt-und-sternbeglaenzt.de\/index.php?rest_route=\/wp\/v2\/types\/page"}],"author":[{"embeddable":true,"href":"https:\/\/wunderbunt-und-sternbeglaenzt.de\/index.php?rest_route=\/wp\/v2\/users\/5"}],"replies":[{"embeddable":true,"href":"https:\/\/wunderbunt-und-sternbeglaenzt.de\/index.php?rest_route=%2Fwp%2Fv2%2Fcomments&post=310"}],"version-history":[{"count":6,"href":"https:\/\/wunderbunt-und-sternbeglaenzt.de\/index.php?rest_route=\/wp\/v2\/pages\/310\/revisions"}],"predecessor-version":[{"id":328,"href":"https:\/\/wunderbunt-und-sternbeglaenzt.de\/index.php?rest_route=\/wp\/v2\/pages\/310\/revisions\/328"}],"wp:attachment":[{"href":"https:\/\/wunderbunt-und-sternbeglaenzt.de\/index.php?rest_route=%2Fwp%2Fv2%2Fmedia&parent=310"}],"curies":[{"name":"wp","href":"https:\/\/api.w.org\/{rel}","templated":true}]}}